(-2)/r)/((-5)/30). Suppose 5*f + 4 = -2*a + 103, 0 = -3*f - y*a + 61. Is f composite?
False
Suppose z = -4*o + 235, 3*z - o - 33 - 685 = 0. Is z a prime number?
True
Let x(h) = -2*h**3 + 9*h**2 + 2*h - 2. Is x(-9) a composite number?
True
Suppose -6 = -2*l + 3*b, 4*b + 2 + 6 = -3*l. Suppose -170 = -l*y - y. Is (y/(-8))/(1/(-4)) composite?
True
Let l = -11 + 7. Let f(w) = w**2 + 2*w + 5. Is f(l) a prime number?
True
Let f = 33 - 18. Suppose -3*w = -f, 0 = 5*u - w + 4 - 19. Is u prime?
False
Let b(m) = m**3 - m**2 + m + 449. Is b(0) a prime number?
True
Let y(a) = 4*a**2 - a. Let b be y(-1). Suppose 2*x - b*u + 625 = 4*x, 2*u + 604 = 2*x. Is x composite?
True
Suppose 3*x - 595 = -0*x - z, -5*x = 2*z - 991. Is x prime?
True
Let f = -1 + 2. Let i be f*6*(-5)/(-10). Is i + -2 - 132/(-2) prime?
True
Let r(o) = -8*o**3 - 3*o**2 + 11*o - 11. Is r(-6) a prime number?
True
Let k = 293 - -10. Suppose h + 159 = 2*c, 0 = -4*c - 0*h - h + k. Is c prime?
False
Suppose -485 = z - 6*z. Is z a prime number?
True
Suppose r - 4*x - 203 = 0, -4*r + 0*r + 4*x + 836 = 0. Is r a prime number?
True
Let d(c) = -50*c - 4. Let k(r) = -r**2 - 4*r - 3. Let q = 1 - 5. Let u be k(q). Is d(u) a prime number?
False
Suppose 0 = n - 2*l - 60, -2*n + 3*l + 114 = l. Suppose -4*p + p - n = 0. Is 1534/18 + 4/p a prime number?
False
Is (6/(-2))/(3/(-31)) prime?
True
Let y = -30 + 67. Is y prime?
True
Suppose -4*l = -l - 12. Suppose j + 0*j - 4*p - 145 = 0, -597 = -l*j - p. Is j prime?
True
Suppose -5*j = 5*f - 250, 4*j + 83 = -3*f + 278. Suppose 2*a - j = a - 4*y, -3*y = -3*a + 210. Is a prime?
False
Let h be (-2)/(-5) - 38/(-5). Let d(r) be the first derivative of r**4/4 - 3*r**3 + 5*r**2 - 7*r + 1. Is d(h) a composite number?
True
Suppose -q - 1650 = -2*u, u + 4978 = 4*q - 7*q. Let c be q/(-5) - 8/(-20). Suppose -4*v - 3*a + c = 0, 3*a = 5*v - 195 - 220. Is v composite?
False
Let c(s) = -s**2 + 8*s - 7. Suppose r = -r + 12. Let j be c(r). Suppose 2*v + 65 = j*v + 4*w, v - w - 17 = 0. Is v a prime number?
True
Suppose -n = -4*g - 401, n + 5*g - 377 = g. Is n a prime number?
True
Suppose q - 2831 = y + 4*y, -y = q - 2831. Is q a prime number?
False
Let b(d) = -d**3 + 6*d**2 + d - 2. Let j be b(6). Suppose 3*v + 5 = j*v. Let f = 102 - v. Is f a prime number?
True
Let g(x) = -4 - 2 + x**3 - x + 10*x**2 - 1 + 8*x. Suppose -6*b + 2*b = 36. Is g(b) a prime number?
True
Suppose -5*b + 4*z + 6400 = z, 3*z = 2*b - 2569. Is b a prime number?
True
Let h(t) be the second derivative of t**6/720 + 23*t**5/120 - t**4/12 + t. Let i(z) be the third derivative of h(z). Is i(0) prime?
True
Let w be (-2)/6*-1*678. Let x = -71 + w. Is x a composite number?
True
Let d be (0 - -1)*(-4 + 3). Is (-1 + d)*1045/(-10) a composite number?
True
Let d = -690 - -1085. Is d a composite number?
True
Suppose 16 = -0*p + 3*p - x, 2*p + 2*x = 8. Suppose 0 = p*v, 3*s - s - 958 = 3*v. Is s a prime number?
True
Is -3 - ((-10)/75 + (-4916)/30) prime?
False
Suppose 5*d - 755 - 875 = 0. Is d prime?
False
Let o be 1 - (1*-16 - -1). Suppose -2*d = -4*h + o, -1 = -5*h + 14. Is ((-24)/(-10) - d)*5 composite?
True
Let y(f) = -6*f**3 - 11*f**2 - 10*f + 10. Is y(-8) a prime number?
False
Suppose -3 = k - 5. Suppose b + 3 = -k*b. Is -2*((-63)/6 - b) a composite number?
False
Let y be 15/2*1952/(-10). Let l = -1019 - y. Is l prime?
False
Let p(i) = -i**2. Let l(m) = m**2 - 2*m + 1. Let o(n) = -l(n) - 6*p(n). Let q(x) = -x**2 + 13*x - 14. Let y be q(12). Is o(y) composite?
True
Suppose 0*q + 91 = 2*q - 5*h, -128 = -3*q - h. Suppose -d - q = -5*n - 4, -7 = -n + d. Suppose n = -2*p, -2*p = -0*t + 5*t - 27. Is t a prime number?
True
Let r be (-4)/24*-1671*2. Suppose 0*p - p = -r. Is p a composite number?
False
Suppose -3*z = z - 5*r - 10, 10 = 5*r. Suppose -4*l + 62 = -3*u + 5*u, 3*l - 176 = -z*u. Is u composite?
False
Suppose 4*i = 5*c + 2625, c + 1290 = 2*i + 3*c. Let w = -387 + i. Is w composite?
False
Is ((-16)/24)/(6/(-279)) composite?
False
Let o(g) = -15*g + 4. Is o(-9) composite?
False
Let w(t) = 6*t**2 - 10*t - 1. Is w(7) a prime number?
True
Let r(t) = 3*t + t - 7 + 11*t. Is r(6) a composite number?
False
Let y be -1 + 2 + (1 - 30). Let p = 81 + y. Suppose o + p = 2*o - 4*h, 0 = -4*o + 5*h + 245. Is o a prime number?
False
Let q(n) be the second derivative of -n**4/12 + n**3/6 + 427*n**2/2 - n. Suppose 0 = -52*u + 54*u. Is q(u) prime?
False
Let f(o) = -5*o - 6. Let h = -7 + 3. Is f(h) prime?
False
Let v = 123 - -170. Is v a prime number?
True
Let a = 20 - 20. Suppose -4*b - 5*x = -185 - 16, a = -3*b - 4*x + 151. Is b composite?
True
Let s(v) = v**3 - v**2 - v. Let l be s(2). Let d be (5/l)/(2/4). Suppose -d*g + 90 + 4 = m, -390 = -5*m - 5*g. Is m prime?
False
Suppose -2*b - 315 - 1036 = -3*j, -2*j + 904 = -3*b. Is j a composite number?
False
Let k be 72/(-1*2/5). Let s = -83 - k. Is s a prime number?
True
Let q(d) = 14*d + 22. Let j be q(9). Let h = j - 59. Is h a prime number?
True
Let l(s) = -s**3 + 7*s**2 + 9*s - 5. Let a be l(8). Suppose -x - 3*j = -76, 0 = -3*x - 2*x + a*j + 398. Is x composite?
False
Let q = 6 + 47. Is q a prime number?
True
Let q = -25 - -39. Let z be 3/12 + q/8. Suppose -z*m + 37 = -m. Is m prime?
True
Is 1/(-2)*-2*106 composite?
True
Let f be (-12)/(-30) - (-34)/(-10). Let o be (9/4)/(f/(-8)). Suppose -o*j + j = -805. Is j a prime number?
False
Let n = -5 - -5. Let c(i) = -i**2 + 22. Let b be c(n). Let h = 36 - b. Is h composite?
True
Let v be (-32)/(-4) + 3*1. Suppose 271 = 4*o - r, -3*r + 2 = v. Is o prime?
True
Let g(t) = -56*t + 7. Let p be g(-3). Suppose -297 = -3*a - 3*z, 102 + p = 3*a - 2*z. Is a composite?
True
Suppose -2202 = -4*h - 5*m, 3*h + 4*m = -h + 2204. Is h composite?
True
Let r be 45 + 0*(-2)/(-6). Let m = 248 - r. Is m a prime number?
False
Suppose 4*z - 1544 - 555 = -5*n, 4*n - 1672 = 4*z. Is n composite?
False
Suppose 0 = 5*v + 25, t + 5*v + 17 = -3*t. Let c be (-15)/t*8/(-10). Let m = c - -8. Is m a prime number?
False
Let h(n) = 4*n**2 + 1 + 0 + 5*n + n**3 - 3 - 2*n**3. Is h(-4) a prime number?
False
Suppose -f = -5*c + 240, 0 = -2*c - 5*f + 39 + 30. Is c a composite number?
False
Let v = 5570 + -3379. Is v a prime number?
False
Suppose -p + 4*k = 0, 6*p - 4*k = 3*p + 8. Let h be 9/6 + 6/p. Suppose h*m - 7 = -s, -10 = -2*m + 4*s - 2*s. Is m prime?
True
Suppose 11972 = -5*i - 3*k + 36226, -4*i + 3*k + 19387 = 0. Is i a composite number?
True
Let r(b) = 40*b**2 + 2*b. Suppose -w + 5*w - 8 = 0. Let l be r(w). Is (-1)/(-1) - l/(-2) composite?
False
Let v be (-14010)/(-25) - (-4)/(-10). Let f = v - 163. Is f a composite number?
False
Let r(z) = -z**2 + 7*z + 6. Let h be r(8). Let p = h + 9. Is p a prime number?
True
Let z = -5 + 5. Suppose -4*v - 4*q = -8, 5*v + q - 10 = -z*v. Suppose -v*o + 178 = -0*o. Is o a prime number?
True
Let o(h) = -21*h + 13. Is o(-14) prime?
True
Let i be 1/5 - (-4558)/10. Suppose 5*j - i = 179. Is j prime?
True
Suppose 3*m - 4*c - 228 = -m, 232 = 4*m - 5*c. Is m composite?
False
Suppose 4*w + 2920 = 12564. Is w prime?
True
Let v(u) be the second derivative of u**5/20 - 5*u**4/6 + 5*u**3/3 + 9*u**2 - 6*u. Is v(13) a composite number?
True
Suppose 5*b - 3245 = -2*w, -3*b + 4*w = -2*b - 649. Is b prime?
False
Let v(y) = 2*y**2 + 18*y + 10. Is v(-18) composite?
True
Let i(f) = -137*f - 7. Is i(-18) composite?
False
Suppose -15 = -2*w - 3*w. Let s be -2*(w/6)/1. Is 0 + s + -1 - -37 a prime number?
False
Let r = 6 + 19. Let v = r + 52. Is v a composite number?
True
Let d = 5 + -6. Let y = 3 + d. Is y a prime number?
True
Suppose 5*d - 5 + 0 = 0, 0 = -2*s - 4*d - 86. Let i be (2 + 16/(-5))*s. Suppose -g = -1 - i. Is g composite?
True
Let n(s) = 2*s - 1. Let g be n(3). Suppose -4*q - 329 = -g*q. Is q composite?
True
Suppose -557 - 30 = -g. Is g a prime number?
True
Let p = 798 - 9. Is p prime?
False
Suppose -3*v + 557 = -331. Suppose v = -p + 3*p. Suppose -4*c + p + 56 = 0. Is c prime?
False
Is 1 + 3 + (-3365)/(-5) a composite number?
False
Let h be -4 + (2 + -2 - 2). Is (-138)/h*(-3)/(-1) a composite number?
True
Let d = 4647 + -548. Is d composite?
False
Let x(v) = 19*v**2 + 3*v - 3. Is x(2) composite?
False
Suppose -4*v + 0*n - 4 = 2*n, -3*v + 3*n - 12 = 0. Let l(z) be the third derivative of -13*z**4/24 + 6*z**2. Is l(v) composite?
True
Suppose 0*k - 5*k =